 - 1. Let a(r) = 2*r**2 + 1 - 2*r - 3*r**2 + 0 + 0*r**2. Let l be a(-2). What is o(l)?
6
Let m(d) = 5*d - 5*d + 10*d. Let r(s) = s**3 - 10*s**2 - 10*s - 12. Let o be r(11). What is m(o)?
-10
Let g(f) = -f + 0*f**2 - 2*f + 6 + 4*f**2 + 5*f + f**3. Suppose 1 = -2*s - 7. Determine g(s).
-2
Let b(m) = 2*m - 1. Let r be 2 - (-4)/(8/(-10)). Let q be (-4)/(-1 + r/3). Determine b(q).
3
Let f(m) be the first derivative of 2*m**3/3 + 3*m**2 + m + 17. What is f(-4)?
9
Let s = -2 + 6. Let f(t) = -s*t + 2*t + t + 4*t + 1. What is f(-2)?
-5
Let l(r) = -r - 2*r**2 - r**2 - 2*r**2. Suppose 41 = 4*d + 1. Let a = -11 + d. What is l(a)?
-4
Suppose -45*c + 4 = -43*c. Let v(j) = -j**2 - j + 1. Let g(x) = 2*x**2 + 2*x - 1. Let w(i) = -g(i) - v(i). What is w(c)?
-6
Let l(h) = -2*h - 6. Let i be l(-5). Let a(m) be the first derivative of -1/3*m**3 + m - 3 + m**2. Calculate a(i).
-7
Let b(q) = -q + 3. Let a(s) = 5*s**3 - 3*s**2 + 6*s + 1. Let g(l) = 11*l**3 - 6*l**2 + 13*l + 3. Let j(f) = 9*a(f) - 4*g(f). Let h be j(2). Determine b(h).
6
Suppose 0*p = 3*p - 6. Let l(y) = -17*y**3 - 2 - p*y**2 - 1 + 6 - 2. Calculate l(-1).
16
Let k(d) be the third derivative of 13*d**6/120 - d**5/60 + 23*d**2. Suppose -1 = 4*p + 3. Give k(p).
-14
Let z = -9 + 6. Suppose -2*u = -5*u + 4*l - 4, 2*l = 8. Let f(r) = -3 - 3*r + u*r**2 - 4*r**3 + 6*r + 5*r**3. What is f(z)?
-3
Let c(l) = -l + 10. Let v be c(-9). Suppose -3*g = -2*k - 0*k + v, 6 = 3*g + 3*k. Let h(i) = -i**3 - 3*i**2 - 2. Give h(g).
-2
Let h(j) = -j + 12. Let p be h(6). Suppose -p*w + 4*w = -6. Let v(q) = q. Let l(o) = -o + 3. Let x(g) = -l(g) - 3*v(g). Determine x(w).
-9
Let s(g) be the third derivative of -g**6/60 - g**5/30 + g**3/6 + 8*g**2. Calculate s(-1).
1
Let z(a) = a**2 - 2*a + 3. Suppose -2*m - 12 = -3*o - 5*m, -3*m = 2*o - 10. Give z(o).
3
Let p(h) be the first derivative of -h**3/6 + h**2 - 5*h - 1. Let l(q) be the first derivative of p(q). Let u = -2 - 0. Determine l(u).
4
Let j(r) = r**2 - 5*r + 6. Let a be j(5). Let m = a - 9. Let h(o) = -o**2 + 3. What is h(m)?
-6
Suppose -2*f - 5*x = 15, 0*f - 4*x = f + 15. Let q(v) = -f + 2 - 1 - 3*v - 3. Give q(-5).
8
Suppose 6 = -5*u + 1. Let r(s) be the first derivative of -s + 5 + 2/3*s**3 + 0*s**2 + 9/4*s**4. Calculate r(u).
-8
Let l(g) be the first derivative of g**3/3 + 2*g**2 + 4*g + 1. Suppose -5*n + 116 = 16. Suppose 3*o - 8 = -n. Determine l(o).
4
Let y(l) = 8*l**2 - 5*l - 5. Let b(z) be the second derivative of 23*z**4/12 - 7*z**3/3 - 7*z**2 + z. Let r(s) = -6*b(s) + 17*y(s). Calculate r(-1).
-2
Let t be (8/(-6))/(2/6). Let x(p) be the first derivative of -p**2 - 3*p + 1. Calculate x(t).
5
Let p = 2 + 0. Let x be p + -2 + 0/2. Let k be (x*(-2 - -1))/1. Let h(w) = -w - 1. Give h(k).
-1
Let o(u) = u - 2. Let i(j) = -1. Let y(v) = -3*i(v) + o(v). Let r(w) = 5*w**2 - w. Let t be r(1). Calculate y(t).
5
Let w = -12 + 17. Let j(s) = -4 + 2*s + s - 4*s - s**2 - w*s. Calculate j(-5).
1
Let f be -5*((-26)/(-10) + -3). Suppose 2*j = -0*j + 4. Let x(k) = k**j + 2 - 4*k**2 + k**2. Calculate x(f).
-6
Let y(n) = n**2 - 8*n + 2. Let h be ((-18)/(-10))/((-24)/(-80)). What is y(h)?
-10
Suppose 4*y = -5*w - 65, 2*w - 11 = y - 2*w. Let n = y + 16. Let d(z) = z - 1. Determine d(n).
0
Let w(n) be the first derivative of -2 - 1/2*n**2 - 11*n. What is w(-5)?
-6
Let c(l) = -l**2 - l. Let g(d) = 10*d**2 + 4*d. Let u(s) = -4*c(s) - g(s). Suppose 0 = -2*o + 6. Let h = o - 2. Calculate u(h).
-6
Let j(v) be the first derivative of -2*v**3/3 - 2*v**2 - 2*v - 7. Let k be -5 + -2 + 12/3. What is j(k)?
-8
Let a(v) = -1 + v + 6*v**2 - v**3 + 4*v**3 - 2*v**3. Give a(-6).
-7
Let p(n) be the first derivative of -n**4/4 + 4*n**3/3 - n**2/2 - n - 9. Determine p(3).
5
Let o(x) = -x**3 - 2*x**2 + x + 2. Let j = -132 + 129. Determine o(j).
8
Let k(t) = t**2 + t + 4. Let s be 6/30 + (-3)/15. Calculate k(s).
4
Let h = -79 - -76. Let w(v) = -v**2 - 2*v. Determine w(h).
-3
Let l(v) = -3*v - 6. Let c(r) = r + 3. Let n be c(-5). Let u be (-10)/n*(2 - 1). Let o be ((-4)/u)/((-1)/(-5)). Give l(o).
6
Suppose -18 = -3*i + 4*t, -i - 6*t = -5*t + 1. Let a(g) = -g**3 + 4*g**2 - 2*g. Give a(i).
4
Let c(v) = 60 - 63 - 3*v - 3*v. Let f(i) = i - 5. Let t be f(8). Suppose -3*u + 14 = -4*g, t*g = -4*u + g - 18. Calculate c(u).
9
Let m(i) = -i**2 + i - 5. Let v be (-1)/2*(0 + 0). Suppose v = b - 2*b. Calculate m(b).
-5
Let z(x) = 3*x**2 - x - 7. Let k(a) = 4*a**2 - 8. Let d(p) = 4*k(p) - 5*z(p). Determine d(-4).
-1
Suppose 4*a - 3*a = 3. Suppose 0 = -c - 2*i + 4, -a*c - 3*i + 1 = -2. Let w(j) = j**2 - 3*j - 3. What is w(c)?
7
Let d be (2 - 7)*4/(-10). Let w(k) = -d - 1 + 2*k - 2. Suppose -6 = 3*u - 4*s - 22, -2*u = 2*s - 6. What is w(u)?
3
Let q(f) be the third derivative of f**6/720 - f**5/24 + f**4/24 - f**2. Let n(m) be the second derivative of q(m). Suppose 2*o = -7*o + 54. What is n(o)?
1
Let t(j) = -4*j**3 - 5*j**2 - 114 + 121 + 3*j**3. Let u be 2*2/((-8)/10). Give t(u).
7
Suppose 5*n + 2*j = 15, -n = -2*n - j + 6. Let x = 6 + -5. Let h(u) = -3*u + u - 2 + 4*u + x. What is h(n)?
1
Let s be 4/3*(-3)/(-2). Let v(k) = -k. Let p(c) be the second derivative of -2*c**3/3 + c**2 + c. Let f(w) = -p(w) + 2*v(w). Give f(s).
2
Let x(c) = -c**2 - 3*c + 7. Let r be x(-5). Let o = -2 - r. Let p(z) be the third derivative of z**4/6 - z**3/6 + z**2. Give p(o).
3
Let w(i) = -i**2 - 2*i + 2. Let q = 1 - 5. Let l be w(q). Let x(a) = a**3 + 6*a**2 + 2*a + 5. What is x(l)?
-7
Suppose 6*g + 20 = 2*g. Let x = 4 - 5. Let p = g - x. Let t(d) = -d - 4. Determine t(p).
0
Let p(h) = -h**2 - 3*h + 3. Let s = -61 + 65. What is p(s)?
-25
Let z = 149 + -153. Let a(d) = -d**2 + d - 6. Let r(y) = -y**2 + 2*y - 7. Let x(v) = 5*a(v) - 4*r(v). Calculate x(z).
-6
Let m(l) be the first derivative of l**4/12 + l**3/6 + l**2/2 + 2. Let y(j) be the second derivative of m(j). Give y(-4).
-7
Let h(z) = z**3 - 11*z**2 - z + 12. Let x(n) = -n**2 + 1. Let v(g) = -h(g) + 6*x(g). Let i(r) = -r**3 + 5*r**2 - 2*r - 3. Let c be i(4). Calculate v(c).
-1
Suppose -5*r = -4 - 1. Let s(y) = 5*y**2 - 1. Determine s(r).
4
Let t(y) = -y + 1. Let v(o) = 5*o - 9. Let j(b) = -b**3 + 10*b**2 + 1. Let m be (-80)/12*(-3)/2. Let n be j(m). Let x(h) = n*v(h) + 4*t(h). Give x(-4).
-9
Let n(d) be the first derivative of 2 + 1/4*d**4 - d + d**2 - 2/3*d**3. Let w(i) = -3*i**3 + 5*i**2 - 6*i + 3. Let k(f) = -17*n(f) - 6*w(f). Determine k(-3).
2
Let q(d) = d**3 + 5*d**2 + 5*d + 3. Let l = 20 - 23. What is q(l)?
6
Let w(c) = 2*c**2 + 1. Let y(h) = -3*h**2 - h - 3. Let x(n) = -5*w(n) - 2*y(n). Give x(-2).
-19
Suppose -6*q = -2*q + 4. Let p(u) be the first derivative of -u**3/3 + u**2/2 + 5. Let m(s) = s**3 + 5*s + 6. Let c(x) = q*m(x) + 5*p(x). What is c(-5)?
-6
Suppose 0*n + 6 = 2*n. Let j be (-6)/(-9)*n/(-2). Let q(i) = i**2 - 2*i - 3 + 4 + 3*i. What is q(j)?
1
Let g(u) = u - 2. Suppose -20 = 5*s + 3*w, 0 = 3*s + 2*w - 2 + 13. Determine g(s).
-9
Let v(x) = 0*x**3 + 4*x - 3*x**3 + 4*x**3 - 5*x**2 - 1 - 2. Let n(s) = -s - 2. Suppose 4*q + 8 = -4*u, -q = -2*u - 0*q - 13. Let c be n(u). Give v(c).
-9
Let s(y) = 0*y**2 - 2*y**2 + 0*y + 0*y + y**3 - 4. Suppose 4*k + 12 = 0, -4*j + k + 0*k = -15. Calculate s(j).
5
Let v(w) = 58*w + 5*w**3 + 6*w**2 + 10 - 62*w + 0*w**2 - 4*w**3. What is v(-7)?
-11
Suppose -6*x = -3*x - 9. Suppose f - 12 = -x*f. Let j(h) = -2*h**2 + h**3 - 3*h + h + 3 - h. Give j(f).
3
Let a(u) = -u**2 - 1 + 6*u**2 - 2*u - u**2. Give a(-1).
5
Let a(d) be the first derivative of d**6/360 - d**5/24 - d**4/8 - 5*d**3/3 + 4. Let x(b) be the third derivative of a(b). Let y = 12 + -7. Determine x(y).
-3
Let s(y) = -y**2 + 7*y - 2. Let p(c) = -c**2 + 3*c + 17. Let v be p(6). Suppose 0 = 4*a + 3*w - 23, 0*a - 2*w = a - 7. Let f = a + v. What is s(f)?
10
Let j(s) be the third derivative of s**5/60 + 5*s**4/24 - s**3 + 12*s**2. What is j(-7)?
8
Let c(n) = 7*n + 6. Let i be c(7). Let f(b) = 0*b + i - b - 56. Calculate f(1).
-2
Let v(m) be the first derivative of 2 + 0*m + 1/2*m**2 - 1/3*m**3. Determine v(1).
0
Let q(y) = y**2 - y + 5. Suppose 2*s + 2*s + 4*z - 32 = 0, 0 = 5*s - 3*z - 16. Suppose -s*n + 7 = 2. Let f be (1 - n)*1/2. Calculate q(f).
5
Let b(p) = -p**2 + 2*p + 4. Let m be b(5). Let o = 13 + m. Let g(k) = k**2 - 2*k. Let r(a) = -a + 1. Let q(v) = g(v) - 2*r(v). Determine q(o).